{"id":2074,"date":"2012-01-15T14:30:08","date_gmt":"2012-01-15T13:30:08","guid":{"rendered":"http:\/\/www.dalstroka-innafor.net\/?page_id=2074"},"modified":"2012-01-15T14:30:08","modified_gmt":"2012-01-15T13:30:08","slug":"vevkamera","status":"publish","type":"page","link":"https:\/\/dalstroka-innafor.net\/?page_id=2074","title":{"rendered":"Vevkamera"},"content":{"rendered":"<p><a href=\"http:\/\/www.fidjeland.com\"><img loading=\"lazy\" decoding=\"async\" class=\"alignleft\" title=\"Vevkamera fr\u00e5 Fidjeland skitrekk, Sirdal\" src=\"http:\/\/www.fidjeland.com\/images\/skibakke.jpg\" alt=\"\" width=\"640\" height=\"480\" \/><\/a><a href=\"http:\/\/www.aadneram-skitrekk.no\"><img loading=\"lazy\" decoding=\"async\" class=\"alignleft\" title=\"Vevkamera fr\u00e5 \u00c5dneram skitrekk, Sirdal\" src=\"http:\/\/www.aadneram-skitrekk.no\/webcam\/aadneram_00001.jpg\" alt=\"\" width=\"640\" height=\"480\" \/><\/a><a href=\"http:\/\/www.alsheia.no\"><img loading=\"lazy\" decoding=\"async\" class=\"alignleft\" title=\"Vevkamera i \u00c5dneram skitrekk, Sirdal\" src=\"http:\/\/www.ep4u.no\/aadneram\/images\/aadneram_web2_.jpg\" alt=\"\" width=\"704\" height=\"576\" \/><img loading=\"lazy\" decoding=\"async\" class=\"alignleft\" title=\"Vevkamera fr\u00e5 \u00c5dneram skitrekk, Sirdal\" src=\"http:\/\/www.ep4u.no\/aadneram\/images\/capture1.jpg\" alt=\"\" width=\"720\" height=\"576\" \/><img loading=\"lazy\" decoding=\"async\" class=\"alignleft\" title=\"Vevkamera fr\u00e5 \u00c5dneram skitrekk, Sirdal\" src=\"http:\/\/www.ep4u.no\/aadneram\/images\/C1_img.jpg\" alt=\"\" width=\"704\" height=\"576\" \/><img loading=\"lazy\" decoding=\"async\" class=\"alignleft\" title=\"Vevkamera fr\u00e5 \u00c5dneram skitrekk, Sirdal\" src=\"http:\/\/www.ep4u.no\/aadneram\/images\/C2_img.jpg\" alt=\"\" width=\"704\" height=\"576\" \/><img loading=\"lazy\" decoding=\"async\" class=\"alignleft\" title=\"Tonstad sentrum, Sirdal\" src=\"http:\/\/webcam.sirdolen.no\/webcam\/dolen.jpg\" alt=\"\" width=\"640\" height=\"480\" \/><img loading=\"lazy\" decoding=\"async\" class=\"alignleft\" title=\"Tonstad, Sirdal\" src=\"http:\/\/www.sirdalsnett.com\/pix\/webcam\/tonstad.jpg\" alt=\"\" width=\"640\" height=\"480\" \/><img loading=\"lazy\" decoding=\"async\" class=\"alignleft\" title=\"Hunnedalen, Gjesdal\" src=\"http:\/\/www.hunnedalen.stavanger-redcross.no\/hunnedalen.jpg\" alt=\"\" width=\"1280\" height=\"800\" \/><img loading=\"lazy\" decoding=\"async\" class=\"alignleft\" title=\"Tverr\u00e5ne, Gyadalen\" src=\"http:\/\/webkamera.vegvesen.no\/kamera?id=155325\" alt=\"\" width=\"800\" height=\"600\" \/><img loading=\"lazy\" decoding=\"async\" class=\"alignleft\" title=\"Vevkarmera fr\u00e5 \u00c5lsheia skisenter p\u00e5 Sinnes, Sirdal\" src=\"http:\/\/www.alsheia.no\/webcam\/aalsheia.jpg\" alt=\"\" width=\"640\" height=\"480\" \/><\/a><\/p>\n","protected":false},"excerpt":{"rendered":"","protected":false},"author":1,"featured_media":0,"parent":0,"menu_order":0,"comment_status":"open","ping_status":"open","template":"","meta":{"footnotes":"","_share_on_mastodon":"0"},"class_list":["post-2074","page","type-page","status-publish","hentry"],"share_on_mastodon":{"url":"","error":""},"_links":{"self":[{"href":"https:\/\/dalstroka-innafor.net\/index.php?rest_route=\/wp\/v2\/pages\/2074","targetHints":{"allow":["GET"]}}],"collection":[{"href":"https:\/\/dalstroka-innafor.net\/index.php?rest_route=\/wp\/v2\/pages"}],"about":[{"href":"https:\/\/dalstroka-innafor.net\/index.php?rest_route=\/wp\/v2\/types\/page"}],"author":[{"embeddable":true,"href":"https:\/\/dalstroka-innafor.net\/index.php?rest_route=\/wp\/v2\/users\/1"}],"replies":[{"embeddable":true,"href":"https:\/\/dalstroka-innafor.net\/index.php?rest_route=%2Fwp%2Fv2%2Fcomments&post=2074"}],"version-history":[{"count":0,"href":"https:\/\/dalstroka-innafor.net\/index.php?rest_route=\/wp\/v2\/pages\/2074\/revisions"}],"wp:attachment":[{"href":"https:\/\/dalstroka-innafor.net\/index.php?rest_route=%2Fwp%2Fv2%2Fmedia&parent=2074"}],"curies":[{"name":"wp","href":"https:\/\/api.w.org\/{rel}","templated":true}]}}